 0, d - 16 = -3*c - d. What is the units digit of c?
8
Suppose 6 = -5*g + 4*a + 46, a = -5*g + 15. Suppose 5*s + 6 = -2*b, -s - 4*s = 0. Let i = g + b. What is the units digit of i?
1
Suppose -1 - 5 = -q. What is the units digit of q?
6
Suppose -5*j - 2*n + 36 = -235, -j = -n - 50. What is the units digit of j?
3
Let t = 277 - 154. What is the hundreds digit of t?
1
Let g be (-4)/(-14) + (-94)/(-14). Let c = g + -3. Suppose 0 - 16 = -c*v. What is the units digit of v?
4
What is the units digit of (3/6)/((-1)/(-98))?
9
Let l(j) = 4*j**2 + j + 4. Let b be l(-4). Suppose 0 = 4*n - u - 49, 5*n + 2*u - 7 = b. What is the units digit of n?
3
Let l = 7 + 19. What is the tens digit of l?
2
What is the tens digit of (-1)/((-35)/6140) - (-3)/(-7)?
7
Let p = 182 - 102. Suppose 0*y + p = 4*l + 5*y, y = 4*l - 56. What is the units digit of l?
5
Suppose -6*j = 3*i - j + 39, 26 = -4*i + 2*j. Let a(m) = m**2 + 7*m - 1. What is the units digit of a(i)?
7
Suppose -4*i - 5 = -4*m + 19, -3*i - 5*m + 14 = 0. Let c = 1 - i. Suppose 0 = 4*n - c*n - 4. What is the units digit of n?
4
Suppose -5*z + 126 + 119 = 0. What is the units digit of z?
9
Let k = -2 + -9. Let l = 23 + k. What is the units digit of l?
2
Suppose -29 = 5*n - 209. What is the units digit of n?
6
Let l = -143 + 233. What is the tens digit of l?
9
Let t = 2 + 3. Suppose l = t*a - 0*a - 57, -a + 4*l = -19. What is the tens digit of a?
1
Suppose 13 = -f - 0*f - 2*o, 2*f - o = -11. Let k = -4 - f. What is the units digit of k?
3
Let s be 0 + 0 - 2 - -38. Suppose 0 = -4*o + 4*g - s, -2*o - 2*g = -o - 3. Let t = 4 - o. What is the units digit of t?
9
Suppose 0 = -4*x + 5*k - 33, -4*x + 2*k + 16 = 58. Let z = x + 16. What is the units digit of z?
4
Suppose 3*c = -2*c. Suppose -3*n + 20 - 74 = c. What is the units digit of (n/(-12))/((-2)/(-4))?
3
Let d = -5 - -10. Let b = 11 - d. What is the units digit of b?
6
Let q(u) = -5*u - 17. Suppose -3*c - 11 - 10 = 0. What is the units digit of q(c)?
8
Let r(v) = 5*v + 4. Let u be r(4). Suppose 3*w + u = w. Let p = w + 20. What is the units digit of p?
8
Let h(j) be the first derivative of -j**2 + j + 3. What is the units digit of h(-4)?
9
Suppose -7*a = -2*a - 10, -5*u + 222 = a. What is the units digit of u?
4
Let x = -6 - -14. Suppose x = -2*u - 0*u + 5*t, 3*u = -2*t + 7. What is the units digit of u?
1
Suppose -3*k - 3*n = 2*k - 110, 66 = 3*k - 2*n. What is the units digit of k?
2
What is the units digit of (29/(-3))/(7/(-21))?
9
Let y(w) = -1. Let l(v) = -4*v + 9. Let h(q) = 2*l(q) + 14*y(q). What is the tens digit of h(-3)?
2
Let b(g) = g**3 + 7*g**2 - 4*g - 5. What is the units digit of b(-7)?
3
Let z(f) = f**2 - 1. Let p(c) = -c**3 - 3*c**2 - 4*c. Let b(t) = -p(t) + 5*z(t). What is the units digit of b(-7)?
6
Let n be (3/(-6))/(1/(-2)). Let o(f) = 13*f**3 - f**2 + f - 1. What is the tens digit of o(n)?
1
Suppose -2*p + p - 2*a - 9 = 0, p + a = -9. What is the tens digit of (3/(p/(-159)))/1?
5
Let r = 135 + -48. What is the units digit of r?
7
Let v(t) = -5*t + 3 - 2 + t**2 + 5. Suppose -4*h = -3*p - 16, 5*p - 10 = -5*h + 10. What is the units digit of v(h)?
2
Let k(z) = -z - 18. Let y be k(-9). Let x = 12 + y. What is the units digit of x?
3
Suppose -3 + 9 = 3*y. Let l(r) = -r**2 - 4*r + 7. Let p be l(-5). Suppose -1 = 2*a + p*t - 13, y*t = a + 6. What is the units digit of a?
2
Let b(h) = 3*h**2 + h - 2. Suppose 0 = 5*f - 7 - 8. What is the tens digit of b(f)?
2
Let p = -19 - -21. Suppose 3*x = p + 10. What is the units digit of x?
4
Let u = 0 + 1. Let h = u + 0. What is the units digit of h?
1
Let t(s) = s**2 - 6*s - 7. Let u(l) = -2*l**2 + 13*l + 13. Let b be (-7)/(-14)*(8 - 0). Let a(x) = b*u(x) + 7*t(x). What is the units digit of a(10)?
3
What is the tens digit of 6 + 26 - (0 - 0)?
3
What is the units digit of 36 + 1 + -1*1?
6
Suppose -3*f = -3, -c = -0*c - 3*f + 3. What is the tens digit of -1 - ((-25 - c) + -2)?
2
Suppose -4*s - 30 = -7*s. Suppose 3*z - 7*z - 20 = 0. Let p = s + z. What is the units digit of p?
5
Let r(m) = m**2 + m + 2. Let k = -5 + 6. Let s = 1 - k. What is the units digit of r(s)?
2
Let v(b) = -b**2 + 8*b - 4. Let x be (-185)/(-25) + 2/(-5). Let w be v(x). Suppose 3*h + w*n - 7*n = 41, 2*h + n = 20. What is the units digit of h?
1
Let s(u) = -u - 3. Let j(f) = 2*f + 4. Let w(d) = -4*j(d) - 5*s(d). Let x be w(-2). Let a = 3 + x. What is the units digit of a?
8
Suppose -3*n - 3*x = -n - 436, 4*n - 4*x - 872 = 0. What is the tens digit of n?
1
Let c = 38 - 19. Suppose -5*g + 15 = -3*u, -3*g + 5*u + 4 + 5 = 0. Suppose 5*n = g*r + c, -18 = -3*n + 3*r - 3. What is the units digit of n?
2
Let y = 10 - 8. Suppose -3*n - y*n = -110. What is the units digit of n?
2
Suppose 16 = 2*y - 2*o, 5*o + 8 + 24 = 3*y. Suppose -y*c - 2*x + 58 = 0, 5*x - 5 = 5*c - 55. What is the tens digit of c?
1
Let k = 99 - 225. What is the tens digit of (1 - -1)/((-12)/k)?
2
Suppose 0 = -d - d. Suppose d = 2*b - 0*b - 18. What is the units digit of b?
9
Let v(p) = -1. Let b(f) = -3*f - 7. Let n(s) = b(s) - 2*v(s). Let i = 3 + -7. What is the units digit of n(i)?
7
Suppose -s + 2 = -4*a, -3*s - 2*s + 10 = 0. Suppose x - 3*x + 76 = a. What is the units digit of x?
8
Let a = -11 - -43. Let t = a + -7. Suppose 4*p - t = -p. What is the units digit of p?
5
Let k(x) = x + 2. Let o be k(-13). Let r = 36 + o. What is the tens digit of r?
2
Let t be (48/10)/(1/5). What is the units digit of 2/(-4) + t/16?
1
What is the hundreds digit of (-1818)/(-8) + 28/16 + -2?
2
Let w(b) = b**3 - 7*b**2 + 7*b - 6. Let n be w(6). What is the tens digit of -2 + 72/(3 + n)?
2
Let d(o) = 8*o**2 + o**3 - 3 + 2*o + 0 - 3*o. Let m be -8 - ((-2)/(-2) + (-1)/1). What is the units digit of d(m)?
5
Suppose -4 = -l + 11. What is the tens digit of l?
1
Let a = 1 + 4. Suppose 72 - 2 = a*l. What is the tens digit of l?
1
Let j be (8 - 7) + (-6)/(-2). Suppose -3*a - j*l + 82 = 0, a = -2*a - 3*l + 84. What is the tens digit of a?
3
Suppose -3*w = -5*l + 239, -4*w - w - 61 = -l. What is the tens digit of l?
4
Let l be ((-3)/6*-4)/(-2). Let q be l*(2 - 2)/(-2). Suppose 3*m + u - 3 = q, 13 = -4*u + 1. What is the units digit of m?
2
Suppose -4*f + 5*v = -3*f + 17, 0 = 2*f - 4*v + 10. Suppose 0 = -f*m + 6 + 60. What is the tens digit of m?
2
Suppose -7*f + 21 = 7. What is the units digit of f?
2
What is the hundreds digit of (-3 - (3 - (-27)/(-6)))*-142?
2
Let i = -98 - -30. Let y = 96 + i. What is the tens digit of y?
2
Suppose 12*p = 380 + 16. What is the tens digit of p?
3
Let u(i) = -i**3 + 7*i**2 - 8*i + 4. Let f be u(6). Let y = f - -13. What is the units digit of y?
5
Suppose 0 = -2*r + b - 5*b - 6, 0 = 5*r - 4*b + 1. Let i(t) = 0*t + 1 - 2*t - 3*t. What is the units digit of i(r)?
6
Suppose 0 = 4*u - 2*l + 38, 3*l = -4*u + 7 - 20. Let o = -2 - u. Suppose 4*n + 2*h = 46, -h = -4*n - o*h + 48. What is the units digit of n?
1
Let r = -5 + 7. Let f(j) = j**3 - j**2 - 2. Let p be f(r). Suppose -18 + p = -2*o. What is the units digit of o?
8
Let f(c) = c**3 - 7*c**2 + 10*c - 4. What is the units digit of f(8)?
0
Suppose -3*w + 12 = -4*i, -3*w - 5*i - 15 = -0*w. Suppose w = 2*a + 2*a + 5*v - 14, 2*a = v + 14. Suppose 0 = -k + a + 6. What is the units digit of k?
2
Suppose 5*n - 66 = 94. What is the units digit of n?
2
Let x(r) = -2*r - 8. Let n be 5 + 0 - (2 - 0). Let w be (-1)/(n + -2) - 5. What is the units digit of x(w)?
4
Let j be 24 - (-2)/((-2)/3). Suppose 4*b = -3*a + 28 + 1, 0 = -2*a - 3*b + j. Suppose -4*c + 5*c = a. What is the units digit of c?
3
Let f be (-34)/(-4) - (-5)/(-10). What is the units digit of (5 - -1)*12/f?
9
Suppose 0 = 5*w + l - 1 - 4, -5*w + 30 = -4*l. Suppose 0*k - k = 3*s - 10, -3*k + w*s - 14 = 0. What is the units digit of 4/2 - k - 2?
2
Let i(m) = m**2 + 3. Let b be i(0). Suppose 0 = -b*r + 2 + 34. What is the tens digit of r?
1
Suppose c - 3*n - 22 = -4*n, -10 = -5*n. What is the units digit of c?
0
Let t be (-1)/(-2) + 44/(-8). Let d = -4 - t. What is the units digit of d?
1
Let v be (-50)/(-8) - (-1)/(-4). Suppose -v + 1 = -n. Suppose 5*t - 19 = 3*s, -5*t + 2*s = n*s - 1. What is the units digit of t?
2
Let t(z) = -22*z + 8. What is the tens digit of t(-2)?
5
Let h(w) = 4*w**3 - 18*w**2 - 18*w - 5. Let r(d) = -d**3 + 6*d**2 + 6*d + 2. Let m(p) = 2*h(p) + 7*r(p). W